11*k**2. Let z(s) = -11*s + 1. Let x be z(1). Calculate f(x).
4
Let c(i) = -7*i**2 + 10*i + 5. Let v(x) = 13*x**2 - 19*x - 10. Let t(l) = 5*c(l) + 3*v(l). What is t(4)?
31
Let u(v) = 208*v**3 - 22*v**2 - 35*v - 5. Let r(s) = 70*s**3 - s**2 - s - 1. Let j(g) = -3*r(g) + u(g). What is j(-2)?
2
Let s = 9 + -3. Let u(w) = 2*w**2 + 5*w + 8. Let l(a) = -3*a**2 - 5*a - 8. Suppose 4 = 5*m - 11. Let c(y) = m*l(y) + 4*u(y). Give c(s).
2
Let l(f) be the third derivative of 0 + 0*f + 1/24*f**4 - f**2 + 1/120*f**6 - 1/6*f**3 + 1/15*f**5. Suppose 0 = -3*a - 3*o, 0*o = 3*o - 2*o - 4. Give l(a).
-5
Let l(m) = -33*m**2 - 3*m. Let g be l(1). Let h be (-7)/(98/g) + 6/14. Let n(s) = 37*s**h + 2 + 6 - 38*s**3 + 6*s**2. Give n(6).
8
Let q(m) be the third derivative of -m**5/60 + m**4/6 + m**2. Suppose 115*v = 745 - 285. Give q(v).
0
Let x(z) = 5*z**2 - 11*z - z**2 + 21 - 24*z + 9*z - 2. Calculate x(6).
7
Let m(k) = k**2 - 6*k - 6. Suppose -9 = 11*v + 24. Let f(l) = l**2 + l - 2. Let b be f(v). Suppose 4*s - 26 = t, 6 = -t + b*t. Determine m(s).
1
Let a(x) = -50*x + 5149. Let z be a(103). Let k(d) = 2*d - 2 - 5*d**3 + 3 - d**3. Give k(z).
5
Let v(d) be the third derivative of d**7/2520 + d**6/120 + d**5/15 - 6*d**4 - 30*d**2 - 3*d. Let f(i) be the second derivative of v(i). What is f(-7)?
15
Let d(j) = 54*j + 68*j - j**2 - 11 - 143*j + 38*j. What is d(11)?
55
Let r = 1918/33 - 632/11. Let z(c) be the third derivative of 1/15*c**5 + r*c**3 - 7*c**2 + 1/24*c**4 + 0*c + 0 - 1/120*c**6. What is z(4)?
8
Let d(c) = 29*c - 13. Let q(o) = -25*o + 8. Let i(n) = 5*d(n) + 6*q(n). Give i(-7).
18
Suppose -5*i + 0*i + 2*n = 24, -2*i = 4*n. Let l(c) = -18*c**2 + 28*c**2 + 4*c - 9*c**2 - 2. Give l(i).
-2
Let j(s) = 185*s - 11. Let u(m) = 890*m - 52. Let v(d) = 14*j(d) - 3*u(d). Determine v(0).
2
Let v(o) be the third derivative of 11*o**6/120 - o**5/60 + 5*o**4/24 - o**3/2 + 11*o**2 + 80*o. What is v(2)?
91
Let g(z) = z**3 + z**2 - z - 128. Suppose 0 = 3*p + 21, -208*p = -d - 205*p + 21. Determine g(d).
-128
Suppose -3*h + d = h - 556, 264 = 2*h + 3*d. Suppose 0 = -35*j + 12*j + h. Let l(b) = -4*b - 3. Give l(j).
-27
Let b(p) = 6*p - 11. Suppose -17*r - 96 = -41*r. Let l be (-888)/(-168) + (0 - r/14). Determine b(l).
19
Suppose -214*a + 6192 = 173*a. Let i(p) = -p**2 + 14*p - 2. Give i(a).
-34
Let a(p) = -p**3 + p**2 - 4*p - 5. Suppose -4*l - 3*w = -3 + 20, -2*l + 3*w = -5. Calculate a(l).
15
Let w(b) = 3*b + 36. Let p(g) = g + 18. Let n(u) = 5*p(u) - 2*w(u). Let m = -391 + 261. Let v = 130 + m. What is n(v)?
18
Let x = 25/56 - -59/56. Let b(y) be the first derivative of -y + 0*y**3 + y**2 - 13 - x*y**4. Give b(1).
-5
Let j(m) = 22*m**2 + 6*m**2 - 45*m**2 + 2 - 3*m**2 - m**3. Calculate j(-20).
2
Let x(l) = l**3 + 22*l**2 + 20*l - 7. Let o be x(-21). Let d be (o/2)/((-2)/2 - -2). Suppose 1 = d*k + 15. Let y(z) = -z**2 + 2*z + 2. What is y(k)?
-6
Suppose -359 + 344 = 5*h. Let m be 2/(15/10 + -1) + h. Let q(f) = 12*f + 1 - 11*f + 0. What is q(m)?
2
Let j be (30/(-2))/(-23 + 20). Suppose -q - 8 = j*d, q + d = -2*d - 6. Let f(u) = u**3 + 4*u**2 - 3*u + 1. Determine f(q).
19
Let l(o) = -o**3 + 4*o**2 - 3*o + 7. Let x be 11/(-104) - (-90)/390 - 39/(-8). Determine l(x).
-33
Let o(i) = 11*i**3 - 15*i**2 + 12*i - 12. Let r(x) = -2*x**3 + x**2 - x - 1. Let h(d) = -o(d) - 6*r(d). Determine h(-10).
-22
Let y(i) = i**3 - 3*i**2 + 3*i - 2. Let n be ((-27)/(-63) + (-22)/(-14))*5/10. What is y(n)?
-1
Let l be 1/(-4) + (-860)/80. Let a(j) = -2*j**2 - 16*j - 16. Calculate a(l).
-82
Let f(m) = 2*m + 2. Let i be (4/10)/((-1)/(-830)). Let l = 334 - i. Determine f(l).
6
Let u(l) = 30*l + 59. Let f be u(-13). Let n = f - -332. Let q(j) = -j**3 + j**2 + j - 1. Determine q(n).
0
Let z(t) be the first derivative of 5*t**2 - 7*t - 7. What is z(-3)?
-37
Let f(a) be the second derivative of a**5/20 - 5*a**4/12 + 5*a**3/6 + a**2 + 4*a - 82. Let z = -2 - -6. Give f(z).
6
Let w be 2/9 + 175/63 - -61. Suppose -x = 7*x - w. Let p(i) = -i**3 + 9*i**2 - 13*i + 8. Determine p(x).
-32
Suppose 3*i + 32*f = 33*f - 68, 0 = i + 4*f + 53. Let y(l) = -l**3 - 25*l**2 + 2*l + 62. Calculate y(i).
12
Let k(w) = 14*w + 15. Let a = -3401 + 3394. Give k(a).
-83
Let j(v) = -5*v**2 + 31*v - 22. Let r(g) = -g**2 + 5*g - 1. Let t(x) = -j(x) + 8*r(x). Give t(5).
-16
Let u(h) be the second derivative of h**5/60 - h**4/4 - 7*h**3/6 + 32*h**2 + 13*h + 3. Let d(t) be the first derivative of u(t). Determine d(5).
-12
Let l(c) = -c**2 + 2*c - 2. Let j(t) = -2*t**2 - 16*t + 65. Let o(a) = j(a) - l(a). Calculate o(-19).
48
Suppose 0 = -2*z - 2*j + 70, -2*z + 16*j - 19*j = -66. Suppose -26*w - 65 = -z. Let t(g) = -g - 4. Let q(a) = a - 1. Let h(x) = -5*q(x) + t(x). Calculate h(w).
7
Let l(b) = 6 + 89*b + 3992*b**3 - 8*b**2 - 3993*b**3 - 96*b. Determine l(-7).
6
Let c(l) = 7*l + 2. Let x be ((-10)/25)/((-2)/10). Let k be (252/(-24))/(1/x). Let q = k + 18. What is c(q)?
-19
Let r(k) = -5 - 4*k - 12*k - k**2 + 7*k - 9. Let u = 646 + -651. Determine r(u).
6
Let t(d) = -21*d - 195. Let n = -7631 - -7621. Calculate t(n).
15
Suppose -16*x = -79*x - 126. Let r(a) = 15*a + 24. Determine r(x).
-6
Let m be 11 + -5 - 324 - 2. Let d = m - -320. Let k(f) = f**3 - f**2 - f - 7. Calculate k(d).
-7
Let f be -2*(-1 - 1 - 3). Let l(u) be the second derivative of u**4/12 - 2*u**3 + 9*u**2/2 - 10675*u - 1. Calculate l(f).
-11
Let k(t) = 3*t**3 + 2*t**2 - t + 1. Let x be k(-2). Let j = x + 53. Let q = -37 + j. Let v(p) = -p**3 + 2*p**2 + 2*p. Give v(q).
-3
Let i(u) be the first derivative of -u**5/60 + 7*u**4/12 + 2*u**3 + 66*u**2 - 150. Let l(d) be the second derivative of i(d). Determine l(15).
-3
Let j(a) = a**3 - 4*a**2 + 2*a + 2. Let p be j(3). Let v(u) be the third derivative of -2*u**5/15 - u**3/6 - 55*u**2 - 143. Calculate v(p).
-9
Let z(c) be the second derivative of -c**4/24 - 35*c**3/6 - 63*c**2/2 + 12*c + 1. Let u(p) be the first derivative of z(p). Give u(0).
-35
Let u(h) = -11*h**3 + 33*h**2 - 30*h + 11. Let w(y) = -104*y + 166*y - 82*y + 7 - 4*y**3 + 22*y**2 - 3*y**3. Let m(q) = 5*u(q) - 8*w(q). What is m(10)?
-1
Let y = -21 - -76. Let l = -50 + y. Let q(b) = -l + 4*b + b**3 - b**2 - 4*b. Determine q(0).
-5
Let u be (36/45)/(2/85). Suppose -o + 111 = -5*o + a, -3*o + a = 82. Let z = u + o. Let f(g) = g**3 - 4*g**2 - 4*g - 4. Give f(z).
1
Let d(l) = l**3 + 2. Let c(u) be the first derivative of -u**2 - 44*u + 52. Let r be c(-24). Suppose 10*b + 12 = r*b. Calculate d(b).
-6
Let u be (26/(-39))/((-1)/(-3)). Let c(p) = -p - 1. Let l(t) = 3*t + 3. Let o(d) = 9*c(d) + 4*l(d). What is o(u)?
-3
Let o = -2861 - -2862. Let x(w) = 65*w**2 + w - 1. Determine x(o).
65
Let g(l) be the first derivative of l**4/4 + 2*l**3/3 + l**2/2 - l + 2. Let c be (4/14 + 4980/(-280))*-6. Let h = 103 - c. Give g(h).
-3
Suppose k - 24 = -3*k. Suppose 4*x - 18 = k*x. Let l(a) = -a**2 - 10*a - 7. What is l(x)?
2
Let x(r) be the first derivative of -r**4/4 + 2*r**3 - 21*r**2/2 + 47*r + 3669. Determine x(3).
11
Suppose -5*x = 0, s - x + 6*x - 2 = 0. Let w(l) = 3*l + 4. Let j(r) = -5*r + 1 + 1 + 1 - 8. Let a(n) = -3*j(n) - 4*w(n). Determine a(s).
5
Let h(s) = -s**3 + s**2 + s - 1. Let d(i) = -4*i**3 - i**2 + 5*i + 3. Let c(j) = d(j) - 3*h(j). Let f be (40/12)/((-3)/3)*(-258)/(-215). What is c(f)?
-2
Let c be (45/(-21) - 3)/((-164)/(-574)). Let s(j) = -j**2 - 7*j + 36. Determine s(c).
-162
Suppose 2*i + 157 = 161. Let o(f) = -i*f + 232 + 217 - 463. Give o(-6).
-2
Suppose s = 14*o - 9*o + 86, 0 = 2*o + s + 26. Let k(n) = 3*n + 59. Determine k(o).
11
Suppose -3*g + 10 = 5*z, -4*z + 2 + 3 = 3*g. Let d(n) = n - 1. Let c(k) = -2*k**2 + 12*k - 3. Let f(u) = -c(u) + 5*d(u). What is f(z)?
13
Let h(f) = -f**2 + f + 23. Let k be ((-416)/240 - (-2)/5)*-3. Suppose 4*d - k*s = -s + 6, 4*d + 2*s + 4 = 0. What is h(d)?
23
Let b(u) = -2*u**2 - 21*u + 55. Let i(c) = 3*c**2 + 40*c - 104. Let w(n) = 5*b(n) + 3*i(n). What is w(3)?
-1
Let u be (-1)/(-2)*(-140)/(-14). Let o(l) = -3 - u*l**2 + l**3 - 78*l - 77*l + 161*l. Give o(4).
5
Let l(y) = -y**2 + 2*y + 7. Let j be l(-3). Let x(r) = 2485*r**2 - 1245*r**2 + 2*r + 3*r - 2 - 1239*r**2 + 2*r. Give x(j).
6
Suppose 20*u + 66 - 120 - 146 = 0. Let n(s) = 2*s**2 - 19*s - 4. What is n(u)?
6
Let g(w) = -1 + 2*w**2 - 3*w**2 - 333*w + 151*w + 185*w. Suppose 0*b = 4